s -6 - 33?
-40
In base 8, what is -4621 + -13?
-4634
In base 8, what is 110 - 10?
100
In base 10, what is 19 + -15?
4
In base 4, what is 3101 + 33?
3200
In base 2, what is -1111110 + 101?
-1111001
In base 9, what is -1 + -362?
-363
In base 13, what is 22b + b?
239
In base 5, what is -12313 + 0?
-12313
In base 3, what is 11201 + 121?
12022
In base 13, what is -5b7 - -5?
-5b2
In base 7, what is -535 - -1?
-534
In base 16, what is 5 - -4a3?
4a8
In base 11, what is 366 - -5?
370
In base 4, what is 0 - -1221113?
1221113
In base 10, what is -4 - 440?
-444
In base 12, what is 11 - 9?
4
In base 16, what is -4 - 1b?
-1f
In base 5, what is 4 + -2443?
-2434
In base 12, what is 4 + 36?
3a
In base 7, what is -13 - -3?
-10
In base 7, what is -5 - -50?
42
In base 5, what is -24210 - 10?
-24220
In base 4, what is -13 + -333?
-1012
In base 5, what is -4 - 34?
-43
In base 11, what is 20 + -298?
-278
In base 8, what is 712 - 2?
710
In base 14, what is 30 + -1d?
11
In base 6, what is 205 - -3?
212
In base 11, what is 4 + 149?
152
In base 9, what is -2201 + 1?
-2200
In base 6, what is -5220 + -5?
-5225
In base 8, what is 4 + 567?
573
In base 4, what is -31311 + 32?
-31213
In base 15, what is 1e6 + -4?
1e2
In base 6, what is 402 - 1?
401
In base 7, what is 336 + -10?
326
In base 9, what is -10 + 405?
385
In base 11, what is 232 - -3?
235
In base 13, what is 0 - -339?
339
In base 12, what is 3 - -955?
958
In base 4, what is 313 + 1?
320
In base 12, what is -8 + 10?
4
In base 14, what is -8b4 + 3?
-8b1
In base 15, what is -2 + -1b?
-1d
In base 6, what is -1 - 1221?
-1222
In base 4, what is 2 + 1132?
1200
In base 7, what is -23 + 5?
-15
In base 15, what is -5 + 67?
62
In base 2, what is -1 + 1000000?
111111
In base 7, what is 0 - 113?
-113
In base 3, what is -102110 - 1?
-102111
In base 7, what is 5 + 4?
12
In base 7, what is 1 + 204?
205
In base 2, what is -1 + -111000?
-111001
In base 6, what is -11330 + 12?
-11314
In base 11, what is 5 + -39?
-34
In base 14, what is cb6 - -1?
cb7
In base 13, what is -1 - 2022?
-2023
In base 5, what is -1200 - 1?
-1201
In base 12, what is -12b - 4?
-133
In base 15, what is 201 + 0?
201
In base 5, what is 14 + 120?
134
In base 3, what is 221112 + 12?
221201
In base 6, what is 5 + -3?
2
In base 7, what is -13656 + -1?
-13660
In base 4, what is 0 + -12033?
-12033
In base 11, what is 16a - 1?
169
In base 5, what is 20 + 1?
21
In base 16, what is 11 - 50?
-3f
In base 7, what is 22 + 116?
141
In base 3, what is 1011200 - -12?
1011212
In base 4, what is -12000 + 1?
-11333
In base 8, what is -1 + 753?
752
In base 12, what is 10 - -101?
111
In base 14, what is -20 + 1?
-1d
In base 12, what is 1 - 224?
-223
In base 14, what is 46 - -27?
6d
In base 15, what is -ae01 - -4?
-adec
In base 3, what is -10010 + 1100?
-1210
In base 15, what is -33 + -68?
-9b
In base 7, what is 0 - -63?
63
In base 16, what is 3 + -dc?
-d9
In base 5, what is -412 - 1?
-413
In base 12, what is 4a43 - 3?
4a40
In base 11, what is -132 - 8?
-13a
In base 10, what is 260 + 0?
260
In base 11, what is 2 + -a?
-8
In base 3, what is -1 - 1022212?
-1022220
In base 8, what is 17 - -276?
315
In base 5, what is 112243 + 10?
112303
In base 8, what is 10 + 25?
35
In base 16, what is f0 - -2?
f2
In base 8, what is 6 + -21?
-13
In base 6, what is 120205 + -3?
120202
In base 14, what is 611 + 6?
617
In base 3, what is -10211 + -2?
-10220
In base 7, what is -522 - -25?
-464
In base 16, what is 2 + 42?
44
In base 6, what is -112323 + -5?
-112332
In base 3, what is -12 - -1?
-11
In base 9, what is -2 + 774?
772
In base 14, what is 14c4 + -6?
14bc
In base 13, what is -1 + -141?
-142
In base 15, what is 6 + 25?
2b
In base 11, what is 0 - 219?
-219
In base 14, what is 131 + 7?
138
In base 11, what is -76 + 17?
-5a
In base 12, what is -5 + -8?
-11
In base 14, what is 10 + -10?
0
In base 14, what is 4 + -3384?
-3380
In base 10, what is 10 + -3?
7
In base 6, what is 2 + -3433?
-3431
In base 15, what is -1 - -c?
b
In base 16, what is -22 + 0?
-22
In base 16, what is -157 + -1?
-158
In base 8, what is -13 + -33?
-46
In base 12, what is -4 - -31?
29
In base 16, what is 2 - -30?
32
In base 11, what is 8 - -16?
23
In base 10, what is 43 - -15?
58
In base 15, what is -8 + -46?
-4e
In base 15, what is -2 - 33?
-35
In base 9, what is 40 - -76?
126
In base 13, what is -b06 - 5?
-b0b
In base 2, what is -1010001011 + 100?
-1010000111
In base 12, what is 4a - 27?
23
In base 13, what is -503 + 6?
-4ca
In base 10, what is 58 + 39?
97
In base 10, what is 126 - -26?
152
In base 15, what is 12 - 185?
-173
In base 8, what is -3 + -112?
-115
In base 14, what is -157 - -5?
-152
In base 3, what is 10 + -1001?
-221
In base 4, what is -3 + 11233?
11230
In base 12, what is -1 + -7?
-8
In base 9, what is -5 + -28?
-34
In base 8, what is 6 - -44?
52
In base 15, what is -4 + 99?
95
In base 5, what is -23 - -4214?
4141
In base 5, what is 13004 + 2?
13011
In base 9, what is 22 - -5?
27
In base 12, what is -8 - -775?
769
In base 4, what is -1 - -1033011?
1033010
In base 6, what is -131 + -5?
-140
In base 4, what is -32212 + -1?
-32213
In base 5, what is 4 - 32?
-23
In base 13, what is 6 + a3?
a9
In base 9, what is -553 - -4?
-548
In base 4, what is 3332200 - 11?
3332123
In base 15, what is 0 + -79?
-79
In base 5, what is -322 - 4?
-331
In base 8, what is -4110 - -4?
-4104
In base 14, what is -8 - -99?
91
In base 5, what is 34 + -10?
24
In base 14, what is -16 + 57?
41
In base 3, what is 200 - -1000?
1200
In base 4, what is -21231 + 1?
-21230
In base 10, what is -31 - -4?
-27
In base 12, what is 24 + a?
32
In base 12, what is 714 + 2?
716
In base 13, what is b + 38?
46
In base 13, what is -7 + -22?
-29
In base 7, what is -41 - 11?
-52
In base 11, what is 5 - 19a?
-195
In base 6, what is -2 + -10030?
-10032
In base 8, what is 1 - -6467?
6470
In base 6, what is 4 - 1?
3
In base 13, what is 5 - -b1?
b6
In base 11, what is 12 + 187?
199
In base 8, what is -126 + 7?
-117
In base 16, what is 4 - -341?
345
In base 10, what is -406 + -3?
-409
In base 7, what is -66331 + 1?
-66330
In base 11, what is -a84 - 5?
-a89
In base 11, what is 118 - 8?
110
In base 7, what is -45005 + 0?
-45005
In base 12, what is -23 - -75?
52
In base 13, what is -2 - 1a9a?
-1a9c
In base 2, what is -1010 - -110?
-100
In base 14, what is 7 + 4?
b
In base 6, what is 4 - -4344?
4352
In base 6, what is -3 - -130?
123
In base 2, what is 1110001 - -1010100?
11000101
In base 10, what is 1 - -38?
39
In base 9, what is 1 + -23?
-22
In base 4, what is -3002003 + 3?
-3002000
In base 16, what is c + -ab?
-9f
In base 4, what is 332 + -132?
200
In base 7, what is 100 + 12?
112
In base 2, what is -1001010101111 - 11?
-1001010110010
In base 5, what is 1023 + -10?
1013
In base 2, what is -1010110111 + -1?
-1010111000
In base 14, what is -9187 + 3?
-9184
In base 2, what is -11001111 + 101?
-11001010
In base 16, what is -9c + 0?
-9c
In base 5, what is -3 - 3200?
-3203
In base 8, what is -536 - 2?
-540
In base 14, what is -4 - -30?
2a
In base 4, what is -11 + 220?
203
In base 9, what is 643 - 2?
641
In base 11, what is -130 + 0?
-130
In base 10, what is 462 + -4?
458
In base 5, what is -24 - 2?
-31
In base 6, what is 30 + 1341?
1411
In base 3, what is 102012 - 110?
101202
In base 16, what is 8e - -b?
99
In base 2, what is 100 + 100110111?
100111011
In base 13, what is -3 + 1ab?
1a8
In base 7, what is 153 + 11?
164
In base 16, what is 78 - -30?
a8
In base 6, what is 511550 + -4?
511542
In base 9, what is 3 - 465?
-462
In base 14, what is -493 + 2?
-491
In base 12, what is 0 + -417?
-417
In base 6, what is -351 + -10?
-401
In base 2, what is 100001010 + 101101?
100110111
In base 2, what is 1001010100 - 11?
1001010001
In base 5, what is 3234 + 3?
3242
In base 13, what is -15 - 7?
-1c
In base 14, what is 10 + -8?
6
In base 4, what is -10 - 232?
-302
In base 14, what is -c + 73?
65
In base 7, what is -3 + 460?
454
In base 4, what is -10 - 232?
-302
In base 9, what is 101 + -27?
63
In base 11, what is -91 + 5?
-87
In base 5, what is -4 - -12212?
12203
In base 4, what is 10 - -112?
122
In base 4, what is 120200 + -10?
120130
In base 12, what is a + b?
19
In base 9, what is 1 + 571?
572
In base 3, what is 20100 + -2?
20021
In base 8, what is -2 + 753?
751
In base 8, what is 66 + -5?
